{"id":38,"date":"2023-08-11T16:25:12","date_gmt":"2023-08-11T14:25:12","guid":{"rendered":"http:\/\/www.orchiebalene.de\/?page_id=38"},"modified":"2023-08-11T16:25:12","modified_gmt":"2023-08-11T14:25:12","slug":"leitung","status":"publish","type":"page","link":"https:\/\/www.orchiebalene.de\/index.php\/leitung\/","title":{"rendered":"Leitung"},"content":{"rendered":"\n<p><strong>Markus Wettstein<\/strong>&nbsp;wurde bei Z\u00fcrich geboren, studierte an den Musikhochschulen Luzern und Basel Chorleitung, Schulmusik und Komposition und besuchte Dirigier-Meisterkurse in England, Deutschland und Frankreich. Er unterrichtete Musiktheorie an der Musikakademie Basel und Improvisation an der Musikhochschule Z\u00fcrich.<\/p>\n\n\n\n<p>Den&nbsp;<strong>kammerchor orchi e balene<\/strong>&nbsp;leitet er seit 2000.<\/p>\n\n\n\n<p>2003 gr\u00fcndete er den Kammerchor&nbsp;<em>hortus vocalis<\/em>, mit dem er bis 2011 durchkomponierte Konzertprogramme Alter und Neuer Musik erarbeitete \u2013 etwa mit Werken von Machaut, Dufay, Isaac, Tallis, Marenzio, Monteverdi\u2026 sowie einer Urauff\u00fchrung von James Etherington.<\/p>\n\n\n\n<p>2005-2012 war er Leiter des&nbsp;<em>choeur diplomatique<\/em>&nbsp;im Ausw\u00e4rtigen Amt.<\/p>\n\n\n\n<p>2012 arbeitete er mit den Ch\u00f6ren der<em>&nbsp;Philharmonie Jekaterinburg<\/em>&nbsp;(Russland), mit denen er ein Programm Deutscher Chormusik auff\u00fchrte. An der dortigen Musikhochschule leitete er ein Seminar zum selben Thema.<\/p>\n\n\n\n<p>Mit dem&nbsp;<em>Deutsch-Franz\u00f6sischen Chor Berlin<\/em>&nbsp;f\u00fchrte er chorsinfonische Werke von Poulenc, Puccini, Mendelssohn und Mozart auf, unter anderem mit dem Staatssinfonieorchester Kaliningrad.<\/p>\n\n\n\n<p>Markus Wettstein ist gleicherma\u00dfen als Komponist t\u00e4tig und schreibt neben instrumentaler Kammermusik und Chorwerken auch f\u00fcr Orchester und das Vokale Musiktheater. 2012 arbeitete er als Composer-in-Residence mit dem Ensemble&nbsp;<em>Thingamajigs&nbsp;<\/em>in San Francisco.<\/p>\n\n\n\n<p>2010 gr\u00fcndete er das&nbsp;<em>ensemble xenon<\/em>&nbsp;f\u00fcr Neue Musik, mit dem er seitdem weit mehr als 50 neue Werke urauff\u00fchrte.<\/p>\n\n\n\n<p>Seit 2019 ist er Lehrbeauftragter der Hochschule f\u00fcr Musik Hanns Eisler f\u00fcr Tonsatz und Geh\u00f6rbildung am Musikgymnasium Carl Philipp Emanuel Bach.<\/p>\n\n\n\n<figure class=\"wp-block-image size-full\"><img loading=\"lazy\" decoding=\"async\" width=\"879\" height=\"644\" src=\"http:\/\/www.orchiebalene.de\/wp-content\/uploads\/2023\/08\/19cd9c9f-83b6-47fe-85bb-69ab8003b486.jpg\" alt=\"\" class=\"wp-image-39\" srcset=\"https:\/\/www.orchiebalene.de\/wp-content\/uploads\/2023\/08\/19cd9c9f-83b6-47fe-85bb-69ab8003b486.jpg 879w, https:\/\/www.orchiebalene.de\/wp-content\/uploads\/2023\/08\/19cd9c9f-83b6-47fe-85bb-69ab8003b486-300x220.jpg 300w, https:\/\/www.orchiebalene.de\/wp-content\/uploads\/2023\/08\/19cd9c9f-83b6-47fe-85bb-69ab8003b486-768x563.jpg 768w\" sizes=\"auto, (max-width: 879px) 100vw, 879px\" \/><\/figure>\n","protected":false},"excerpt":{"rendered":"<p>Markus Wettstein&nbsp;wurde bei Z\u00fcrich geboren, studierte an den Musikhochschulen Luzern und Basel Chorleitung, Schulmusik und Komposition und besuchte Dirigier-Meisterkurse in England, Deutschland und Frankreich. Er unterrichtete Musiktheorie an der Musikakademie Basel und Improvisation an der Musikhochschule Z\u00fcrich. Den&nbsp;kammerchor orchi e balene&nbsp;leitet er seit 2000. 2003 gr\u00fcndete er den Kammerchor&nbsp;hortus vocalis, mit dem er bis 2011&hellip; <a class=\"more-link\" href=\"https:\/\/www.orchiebalene.de\/index.php\/leitung\/\"><span class=\"screen-reader-text\">Leitung<\/span> weiterlesen<\/a><\/p>\n","protected":false},"author":1,"featured_media":0,"parent":0,"menu_order":0,"comment_status":"closed","ping_status":"closed","template":"","meta":{"footnotes":""},"class_list":["post-38","page","type-page","status-publish","hentry","entry"],"_links":{"self":[{"href":"https:\/\/www.orchiebalene.de\/index.php\/wp-json\/wp\/v2\/pages\/38","targetHints":{"allow":["GET"]}}],"collection":[{"href":"https:\/\/www.orchiebalene.de\/index.php\/wp-json\/wp\/v2\/pages"}],"about":[{"href":"https:\/\/www.orchiebalene.de\/index.php\/wp-json\/wp\/v2\/types\/page"}],"author":[{"embeddable":true,"href":"https:\/\/www.orchiebalene.de\/index.php\/wp-json\/wp\/v2\/users\/1"}],"replies":[{"embeddable":true,"href":"https:\/\/www.orchiebalene.de\/index.php\/wp-json\/wp\/v2\/comments?post=38"}],"version-history":[{"count":1,"href":"https:\/\/www.orchiebalene.de\/index.php\/wp-json\/wp\/v2\/pages\/38\/revisions"}],"predecessor-version":[{"id":41,"href":"https:\/\/www.orchiebalene.de\/index.php\/wp-json\/wp\/v2\/pages\/38\/revisions\/41"}],"wp:attachment":[{"href":"https:\/\/www.orchiebalene.de\/index.php\/wp-json\/wp\/v2\/media?parent=38"}],"curies":[{"name":"wp","href":"https:\/\/api.w.org\/{rel}","templated":true}]}}